en r is divided by x?
5
Let p = -73 + 108. What is the remainder when p is divided by 12?
11
Let v = -28 - -51. Suppose -2 = -3*r - 5. What is the remainder when v is divided by -1 + 12 + r/(-1)?
11
Let i be 1 - ((0 - 3) + 6). Let m = i - -12. Let f = -46 - -75. Calculate the remainder when f is divided by m.
9
Let v(w) = 7*w + 2 - 3 - 2 + 4. What is the remainder when 28 is divided by v(2)?
13
Let d(j) = j**2 + 1. Let k be d(-2). Suppose 2 = 2*q - k*s + 3*s, -2*q = 5*s - 30. Suppose -q*w + w = -40. Calculate the remainder when w is divided by 4.
2
Let j(r) = r**3 + 5*r**2 - 2*r - 3. Let o(t) = 2*t + 4. Calculate the remainder when o(8) is divided by j(-5).
6
Let u be 10*(4/(-8) - -1). Suppose -2*k = q - 2, -4*q = -u*k + 25 + 6. What is the remainder when 8 is divided by k?
2
What is the remainder when 47 is divided by 32/(3 + 0 - 1)?
15
Suppose -10*a + 130 = -20. What is the remainder when 81 is divided by a?
6
Suppose -f = f + 5*g - 35, 160 = 5*f - 2*g. What is the remainder when f is divided by 13?
4
What is the remainder when (-51)/(-6) - 1/(-2) is divided by 4?
1
Suppose 1 = -y + 14. Let f(u) = u**3 + 6*u**2 + 2*u + 3. Let l be f(-3). Calculate the remainder when (-1 - -19)/(l/32) is divided by y.
11
Suppose -2*n + 21 = -11. What is the remainder when n is divided by 9?
7
Let z(d) = -d**2 + 5*d. Let t be z(5). Calculate the remainder when 36 + (t - 0) + -3 is divided by 9.
6
Suppose -4*h + 13 = 3*i, -5*h = -0*h + 2*i - 18. What is the remainder when 16 is divided by h?
0
Let u = -2 + 4. Suppose 4*n = u*n + 46. Let l = 14 - 6. What is the remainder when n is divided by l?
7
Let s(v) = -4*v**2 + 2 - 4 + 1 - 2*v. Let b be s(2). Let z = -12 - b. Calculate the remainder when 26 is divided by z.
8
Let k = 7 - 5. Calculate the remainder when 1*(-2)/(-2) + 9 is divided by k/11 + (-84)/(-22).
2
Calculate the remainder when (119/21)/(58/(-30) + 2) is divided by 22.
19
Let n(l) = -l - 9. Calculate the remainder when n(-23) is divided by 4.
2
Suppose 3*m - m - x = 13, -20 = -4*m + 4*x. Suppose -i + m*u - 41 = 4*u, 0 = 2*i + u + 91. What is the remainder when 26 is divided by 124/9 - 10/i?
12
Suppose -4*t + 0*t + 16 = 0. Let c(f) = f**3 + 8*f**2 + 8*f + 3. Let m be c(-5). What is the remainder when 12/24 + m/4 is divided by t?
2
What is the remainder when 77 is divided by (-62)/(-3) + 14/(-21)?
17
Let c = 7 + 20. Calculate the remainder when c is divided by -2 + -3*3*-1.
6
Let z(r) = r**2 + 8*r. Let h be z(-9). Let l(y) = h + 5*y - 3*y**2 - 3*y**2 - y**3 + 2*y. What is the remainder when 16 is divided by l(-7)?
7
Suppose 5*f - 5*z = 60, -3*f = f + 3*z - 27. What is the remainder when f is divided by 6?
3
Suppose -3*b + 149 = -31. Calculate the remainder when b is divided by 21.
18
Suppose 3 = -0*v + 3*v, -v = -n + 3. What is the remainder when 13 is divided by n?
1
Let v(j) = 9*j + 3. Let g be v(-2). Suppose -3*f = -5*n + 200, -n + 4*f = -19 - 4. Calculate the remainder when n is divided by 3*-2*g/6.
13
Suppose -2*f + 2 + 2 = 0. Suppose f*v + 4*q = 14, 3*v - 5*q = v - 4. Let h(o) = -o**2 - 18*o - 43. What is the remainder when v is divided by h(-15)?
1
Suppose 0 = 3*y + 2*x - 15, y + 4*x - 13 = 2. What is the remainder when 12 is divided by (-1)/((9/(-21))/y)?
5
Suppose -5*g = -29 - 6. Calculate the remainder when g is divided by 3.
1
Let h = -6 + 13. What is the remainder when 29 is divided by h + ((-16)/4)/(-4)?
5
Suppose -5*q + 0*q + 235 = 0. What is the remainder when q is divided by 16?
15
What is the remainder when 166 is divided by (-14)/9*-6*3?
26
Let i = -18 + 30. Let b = 379 - 267. Suppose f = 2*t + 24, 3*f - 2*t - b = -4*t. Calculate the remainder when f is divided by i.
10
Suppose -4*g = 2*a - 130, 7 = 3*a - 2*g - 148. Calculate the remainder when 216 is divided by a.
51
Suppose -2*u - 3*z + 60 = 0, -3*u - 3*z + 76 + 14 = 0. Suppose x + 2*f - u = -4*x, 0 = x + 3*f - 19. What is the remainder when x is divided by 4?
0
Let s(q) = 2*q**2 + 16*q - 29. Let h(n) = -3*n**2 - 24*n + 43. Let o(w) = -5*h(w) - 7*s(w). What is the remainder when 31 is divided by o(-10)?
7
Let g(a) = 6*a - 12. What is the remainder when g(6) is divided by 13?
11
Suppose 0 = -2*u - 28 + 266. What is the remainder when u is divided by 24?
23
Suppose -7*h = -2*h - 380. Calculate the remainder when h is divided by 20.
16
Let j(z) = 9*z**2 - 2*z + 1. Let x be j(1). Let k(b) = -b**2 + 7*b + 2. Let p be k(6). Let l = x + p. What is the remainder when 30 is divided by l?
14
Let i(g) = -11*g. Calculate the remainder when i(-2) is divided by 6.
4
Let h(j) = 3*j**2 - 6*j - 17. What is the remainder when h(7) is divided by 30?
28
Let z = -80 + 138. Let c = z + -33. What is the remainder when c is divided by 2*((-54)/4)/(-3)?
7
Suppose -5*b - m - 27 = -138, 2*m + 108 = 5*b. Calculate the remainder when b is divided by 6.
4
Let x = 12 + -5. What is the remainder when 10 is divided by x?
3
Let i(z) = z**2 - 15*z + 15. Calculate the remainder when i(15) is divided by 8.
7
What is the remainder when 70 is divided by -2*((-145)/10 + 5)?
13
Suppose 113 = 8*d - 39. Suppose -y + 4*y - 33 = 0. What is the remainder when d is divided by y?
8
Let u(t) = -5*t. Let y be u(-1). Suppose y*g = -3*x - 0*x + 51, 37 = 5*g - 4*x. Let b = 114 - 97. Calculate the remainder when b is divided by g.
8
Suppose 5*r + 2*p = 169, -4*p - 91 = -3*r - 0*r. What is the remainder when r is divided by 7?
5
Let i(l) = l**2 - 8*l - 10. What is the remainder when 45 is divided by i(10)?
5
Let z = -9 + 15. Let m(w) = w**2 - 7*w - 4. Let g be m(9). Suppose 7 = d - g. Calculate the remainder when d is divided by z.
3
Suppose -5*t + 24 = -96. What is the remainder when t is divided by 7?
3
Let d(p) = -2*p**3 + p**2 - 3*p - 9. Suppose -4*m - 17 = -145. Calculate the remainder when m is divided by d(-2).
15
Let j be 0 + 9*(0 + 1). Suppose -j = 4*f - 45. Let n = -4 + f. What is the remainder when 13 is divided by n?
3
Suppose 3*h = 2*h + x + 10, 0 = -4*h + 5*x + 36. Calculate the remainder when 22 is divided by h.
8
Let j be -20 - (0 + -3)/(-3). What is the remainder when 20 is divided by j/(-35) + 52/5?
9
Let s(b) = -1. Let t(r) = -8*r + 12. Let n(v) = 16*s(v) + t(v). Calculate the remainder when n(-5) is divided by 13.
10
Let v(s) = -3*s + 2. Let k(b) = -b - 10. Let c be k(-7). Suppose 2*m = 3*q + q - 2, -3*m = -5*q + 1. Calculate the remainder when v(c) is divided by m.
2
Suppose -61 = -4*d + b, -13 = 2*d - 5*b - 48. Let a = -59 + 87. What is the remainder when a is divided by d?
13
Suppose -14 = 12*j - 14*j. Calculate the remainder when 25 is divided by j.
4
Let j = 10 + -7. Calculate the remainder when 4 is divided by j.
1
Let c be -3 + (3 - (-22)/2). Let r = 37 - c. Calculate the remainder when r is divided by 14.
12
Let t = 343 + -133. Suppose -5*n + t = -5*m, 0*n + 218 = 5*n - 3*m. What is the remainder when n is divided by 24?
22
Let l(t) = 11*t**2 - 15*t - 1. Let f be l(7). Suppose -2*w + 3*g + 221 = 0, f = 4*w - 4*g + 7*g. Calculate the remainder when w is divided by 28.
25
Let r(h) = 9*h**2 + 4*h - 3. Suppose -10 = -4*y + 2*y. Suppose b = y*m + 5*b - 121, m - b - 17 = 0. Calculate the remainder when r(2) is divided by m.
20
Calculate the remainder when 33 is divided by 2*-2*18/(-8).
6
Let n(o) = o**3 - 3*o**2 - 5*o - 8. What is the remainder when n(5) is divided by 5?
2
Let g = -83 - -44. Let f = 66 + g. Suppose 2*u = q + u - f, -3*q - 2*u + 66 = 0. What is the remainder when 47 is divided by q?
23
Suppose -y - 6*y = -273. Calculate the remainder when y is divided by 14.
11
Let u = 30 + 1. What is the remainder when u is divided by 17?
14
Suppose -f + 19 = 3*o, -26 = -4*f - o - o. Suppose 2*l = f - 0. Suppose -6 - 19 = -x - l*n, 0 = 5*n - 5. What is the remainder when x is divided by 8?
7
Let l = -85 - -33. Let m = 103 + l. Suppose -2*p = p - 54. Calculate the remainder when m is divided by p.
15
Let w = -4 - -6. Let q(s) = -s**3 + 2*s**2 + 11*s - 6. Calculate the remainder when q(4) is divided by w.
0
Suppose -5*x = -x - 5*h + 9, -4*h = -5*x. Suppose -l + 6*l = -3*z + 121, -x*z = l - 31. What is the remainder when l is divided by 12?
11
Suppose 12*z = 28*z - 608. What is the remainder when z is divided by 8?
6
Let q be (-15)/6*4/(-5). Let x(c) = -3 - 3*c - q*c + 5*c - 3*c. What is the remainder when 57 is di